{"id":2725,"date":"2026-04-06T14:53:48","date_gmt":"2026-04-06T17:53:48","guid":{"rendered":"https:\/\/observatoriodecampina.com\/?page_id=2725"},"modified":"2026-05-12T16:36:43","modified_gmt":"2026-05-12T19:36:43","slug":"botao-ascom","status":"publish","type":"page","link":"https:\/\/observatoriodecampina.com\/?page_id=2725","title":{"rendered":"Bot\u00e3o ASCOM"},"content":{"rendered":"\t\t<div data-elementor-type=\"wp-page\" data-elementor-id=\"2725\" class=\"elementor elementor-2725\" data-elementor-post-type=\"page\">\n\t\t\t\t\t\t<section class=\"elementor-section elementor-top-section elementor-element elementor-element-59f07a1 elementor-section-boxed elementor-section-height-default elementor-section-height-default\" data-id=\"59f07a1\" data-element_type=\"section\" data-e-type=\"section\">\n\t\t\t\t\t\t<div class=\"elementor-container elementor-column-gap-default\">\n\t\t\t\t\t<div class=\"elementor-column elementor-col-100 elementor-top-column elementor-element elementor-element-97b670d\" data-id=\"97b670d\" data-element_type=\"column\" data-e-type=\"column\">\n\t\t\t<div class=\"elementor-widget-wrap elementor-element-populated\">\n\t\t\t\t\t\t<div class=\"elementor-element elementor-element-8bcdbee elementor-widget elementor-widget-html\" data-id=\"8bcdbee\" data-element_type=\"widget\" data-e-type=\"widget\" data-widget_type=\"html.default\">\n\t\t\t\t<div class=\"elementor-widget-container\">\n\t\t\t\t\t<!DOCTYPE html>\r\n<html lang=\"pt-BR\">\r\n<head>\r\n  <meta charset=\"UTF-8\">\r\n  <meta name=\"viewport\" content=\"width=device-width, initial-scale=1.0\">\r\n  <link href=\"https:\/\/fonts.googleapis.com\/css2?family=Montserrat:wght@400;600;800&display=swap\" rel=\"stylesheet\">\r\n  \r\n  <style>\r\n    * {\r\n      box-sizing: border-box;\r\n      -webkit-tap-highlight-color: transparent;\r\n    }\r\n\r\n    body {\r\n      margin: 0;\r\n      padding: 0;\r\n      font-family: 'Montserrat', sans-serif;\r\n      background-color: #e8f1ed; \/* Fundo institucional claro *\/\r\n      display: flex;\r\n      flex-direction: column;\r\n      align-items: center;\r\n      min-height: 100vh;\r\n      overflow-x: hidden;\r\n    }\r\n\r\n    \/* Marca d'\u00e1gua institucional ao fundo (Bras\u00e3o UFCG) *\/\r\n    body::before {\r\n      content: \"\";\r\n      position: fixed;\r\n      top: 50%; left: 50%;\r\n      transform: translate(-50%, -50%);\r\n      width: 280px; height: 280px;\r\n      background-image: url('UFCG-Central-Selo-SemFundo.png'); \r\n      background-repeat: no-repeat;\r\n      background-position: center;\r\n      background-size: contain;\r\n      opacity: 0.08; \/* Marca d'\u00e1gua bem sutil *\/\r\n      z-index: 0;\r\n      pointer-events: none;\r\n    }\r\n\r\n    .app-screen {\r\n      z-index: 1;\r\n      width: 90%;\r\n      max-width: 420px;\r\n      padding: 40px 0;\r\n      text-align: center;\r\n    }\r\n\r\n    \/* T\u00edtulo Principal da Se\u00e7\u00e3o *\/\r\n    h1 {\r\n      font-size: 24px;\r\n      font-weight: 800;\r\n      color: #1e4d92; \/* Azul UFCG *\/\r\n      margin-bottom: 35px;\r\n      text-transform: uppercase;\r\n      letter-spacing: 2px;\r\n    }\r\n\r\n    \/* Card de Conte\u00fado: Hist\u00f3ria *\/\r\n    .content-card {\r\n      background: rgba(255, 255, 255, 0.65);\r\n      backdrop-filter: blur(12px);\r\n      border-radius: 25px;\r\n      padding: 25px;\r\n      margin-bottom: 30px;\r\n      box-shadow: 0 8px 32px rgba(0,0,0,0.05);\r\n      border: 1px solid rgba(255,255,255,0.3);\r\n    }\r\n\r\n    .content-card h2 {\r\n      font-size: 14px;\r\n      font-weight: 800;\r\n      color: #4a73b4;\r\n      margin-top: 0;\r\n      margin-bottom: 15px;\r\n      text-transform: uppercase;\r\n      letter-spacing: 1.5px;\r\n      border-bottom: 2px solid rgba(74, 115, 180, 0.2);\r\n      display: inline-block;\r\n      padding-bottom: 5px;\r\n    }\r\n\r\n    .content-card p {\r\n      font-size: 15px;\r\n      line-height: 1.7;\r\n      color: #333;\r\n      text-align: justify;\r\n      margin: 0;\r\n    }\r\n\r\n    \/* Se\u00e7\u00e3o da Equipe *\/\r\n    .team-title {\r\n      font-size: 14px;\r\n      font-weight: 800;\r\n      color: #555;\r\n      text-transform: uppercase;\r\n      letter-spacing: 1.5px;\r\n      margin-bottom: 20px;\r\n      text-align: left;\r\n      padding-left: 10px;\r\n    }\r\n\r\n    \/* Card de Perfil Profissional *\/\r\n    .profile-card {\r\n      background-color: rgba(74, 115, 180, 0.85); \/* Azul institucional transparente *\/\r\n      border-radius: 20px;\r\n      padding: 15px;\r\n      display: flex;\r\n      align-items: center;\r\n      margin-bottom: 15px;\r\n      color: white;\r\n      transition: transform 0.3s ease;\r\n      box-shadow: 0 4px 15px rgba(0,0,0,0.1);\r\n    }\r\n\r\n    .profile-card:hover {\r\n      transform: scale(1.02);\r\n    }\r\n\r\n    .profile-photo {\r\n      width: 70px;\r\n      height: 70px;\r\n      border-radius: 50%;\r\n      background-color: #fff;\r\n      margin-right: 20px;\r\n      flex-shrink: 0;\r\n      overflow: hidden;\r\n      border: 3px solid rgba(255,255,255,0.4);\r\n    }\r\n\r\n    .profile-photo img {\r\n      width: 100%;\r\n      height: 100%;\r\n      object-fit: cover;\r\n    }\r\n\r\n    .profile-info {\r\n      text-align: left;\r\n    }\r\n\r\n    .profile-name {\r\n      font-weight: 800;\r\n      font-size: 16px;\r\n      margin-bottom: 5px;\r\n      display: block;\r\n    }\r\n\r\n    .profile-contact {\r\n      font-size: 12px;\r\n      font-weight: 400;\r\n      opacity: 0.9;\r\n      display: block;\r\n      margin-bottom: 2px;\r\n    }\r\n\r\n    \/* Bot\u00e3o Voltar Estilizado *\/\r\n    .footer-nav {\r\n      margin-top: 30px;\r\n    }\r\n\r\n    .back-btn {\r\n      background-color: #1e4d92;\r\n      color: white;\r\n      text-decoration: none;\r\n      padding: 14px 45px;\r\n      border-radius: 30px;\r\n      font-weight: 800;\r\n      font-size: 12px;\r\n      text-transform: uppercase;\r\n      letter-spacing: 1.5px;\r\n      display: inline-block;\r\n      box-shadow: 0 4px 12px rgba(30, 77, 146, 0.3);\r\n      transition: all 0.3s ease;\r\n    }\r\n\r\n    .back-btn:hover {\r\n      background-color: #153a6d;\r\n      box-shadow: 0 6px 18px rgba(30, 77, 146, 0.4);\r\n    }\r\n  <\/style>\r\n<\/head>\r\n<body>\r\n\r\n  <div class=\"app-screen\">\r\n    <h1>ASCOM - UFCG<\/h1>\r\n\r\n    <div class=\"content-card\">\r\n      <h2>Nossa Hist\u00f3ria<\/h2>\r\n      <p>\r\n        A Assessoria de Comunica\u00e7\u00e3o da UFCG \u00e9 o \u00f3rg\u00e3o respons\u00e1vel pela divulga\u00e7\u00e3o dos assuntos institucionais da Universidade, pela publica\u00e7\u00e3o de informa\u00e7\u00f5es de interesse dos p\u00fablicos interno e externo e pelo atendimento aos profissionais dos ve\u00edculos de comunica\u00e7\u00e3o.\r\n      <\/p>\r\n    <\/div>\r\n\r\n    <div class=\"team-title\">Equipe Respons\u00e1vel<\/div>\r\n\r\n    <div class=\"profile-card\">\r\n      <div class=\"profile-photo\">\r\n        <img decoding=\"async\" src=\"url-da-foto.jpg\" alt=\"\">\r\n      <\/div>\r\n      <div class=\"profile-info\">\r\n        <span class=\"profile-name\">Nome do Profissional<\/span>\r\n        <span class=\"profile-contact\">Email: ascom@ufcg.edu.br<\/span>\r\n        <span class=\"profile-contact\">Tel: (83) 2101.1000<\/span>\r\n      <\/div>\r\n    <\/div>\r\n\r\n    <div class=\"profile-card\">\r\n      <div class=\"profile-photo\">\r\n        <img decoding=\"async\" src=\"url-da-foto-2.jpg\" alt=\"\">\r\n      <\/div>\r\n      <div class=\"profile-info\">\r\n        <span class=\"profile-name\">Nome do Profissional<\/span>\r\n        <span class=\"profile-contact\">Email: imprensa@ufcg.edu.br<\/span>\r\n        <span class=\"profile-contact\">Tel: (83) 2101.1001<\/span>\r\n      <\/div>\r\n    <\/div>\r\n\r\n    <div class=\"footer-nav\">\r\n      <a href=\"LINK_DA_HOME\" class=\"back-btn\">Voltar ao Menu<\/a>\r\n    <\/div>\r\n  <\/div>\r\n\r\n<\/body>\r\n<\/html>\t\t\t\t<\/div>\n\t\t\t\t<\/div>\n\t\t\t\t\t<\/div>\n\t\t<\/div>\n\t\t\t\t\t<\/div>\n\t\t<\/section>\n\t\t\t\t<\/div>\n\t\t","protected":false},"excerpt":{"rendered":"<p>ASCOM &#8211; UFCG Nossa Hist\u00f3ria A Assessoria de Comunica\u00e7\u00e3o da UFCG \u00e9 o \u00f3rg\u00e3o respons\u00e1vel pela divulga\u00e7\u00e3o dos assuntos institucionais da Universidade, pela publica\u00e7\u00e3o de informa\u00e7\u00f5es de interesse dos p\u00fablicos interno e externo e pelo atendimento aos profissionais dos ve\u00edculos de comunica\u00e7\u00e3o. Equipe Respons\u00e1vel Nome do Profissional Email: ascom@ufcg.edu.br Tel: (83) 2101.1000 Nome do Profissional [&hellip;]<\/p>\n","protected":false},"author":4,"featured_media":0,"parent":0,"menu_order":0,"comment_status":"closed","ping_status":"closed","template":"elementor_canvas","meta":{"site-sidebar-layout":"no-sidebar","site-content-layout":"page-builder","ast-site-content-layout":"full-width-container","site-content-style":"default","site-sidebar-style":"default","ast-global-header-display":"","ast-banner-title-visibility":"","ast-main-header-display":"","ast-hfb-above-header-display":"","ast-hfb-below-header-display":"","ast-hfb-mobile-header-display":"","site-post-title":"","ast-breadcrumbs-content":"","ast-featured-img":"disabled","footer-sml-layout":"","ast-disable-related-posts":"","theme-transparent-header-meta":"","adv-header-id-meta":"","stick-header-meta":"","header-above-stick-meta":"","header-main-stick-meta":"","header-below-stick-meta":"","astra-migrate-meta-layouts":"default","ast-page-background-enabled":"default","ast-page-background-meta":{"desktop":{"background-color":"var(--ast-global-color-4)","background-image":"","background-repeat":"repeat","background-position":"center center","background-size":"auto","background-attachment":"scroll","background-type":"","background-media":"","overlay-type":"","overlay-color":"","overlay-opacity":"","overlay-gradient":""},"tablet":{"background-color":"","background-image":"","background-repeat":"repeat","background-position":"center center","background-size":"auto","background-attachment":"scroll","background-type":"","background-media":"","overlay-type":"","overlay-color":"","overlay-opacity":"","overlay-gradient":""},"mobile":{"background-color":"","background-image":"","background-repeat":"repeat","background-position":"center center","background-size":"auto","background-attachment":"scroll","background-type":"","background-media":"","overlay-type":"","overlay-color":"","overlay-opacity":"","overlay-gradient":""}},"ast-content-background-meta":{"desktop":{"background-color":"var(--ast-global-color-5)","background-image":"","background-repeat":"repeat","background-position":"center center","background-size":"auto","background-attachment":"scroll","background-type":"","background-media":"","overlay-type":"","overlay-color":"","overlay-opacity":"","overlay-gradient":""},"tablet":{"background-color":"var(--ast-global-color-5)","background-image":"","background-repeat":"repeat","background-position":"center center","background-size":"auto","background-attachment":"scroll","background-type":"","background-media":"","overlay-type":"","overlay-color":"","overlay-opacity":"","overlay-gradient":""},"mobile":{"background-color":"var(--ast-global-color-5)","background-image":"","background-repeat":"repeat","background-position":"center center","background-size":"auto","background-attachment":"scroll","background-type":"","background-media":"","overlay-type":"","overlay-color":"","overlay-opacity":"","overlay-gradient":""}},"footnotes":""},"class_list":["post-2725","page","type-page","status-publish","hentry"],"aioseo_notices":[],"_links":{"self":[{"href":"https:\/\/observatoriodecampina.com\/index.php?rest_route=\/wp\/v2\/pages\/2725","targetHints":{"allow":["GET"]}}],"collection":[{"href":"https:\/\/observatoriodecampina.com\/index.php?rest_route=\/wp\/v2\/pages"}],"about":[{"href":"https:\/\/observatoriodecampina.com\/index.php?rest_route=\/wp\/v2\/types\/page"}],"author":[{"embeddable":true,"href":"https:\/\/observatoriodecampina.com\/index.php?rest_route=\/wp\/v2\/users\/4"}],"replies":[{"embeddable":true,"href":"https:\/\/observatoriodecampina.com\/index.php?rest_route=%2Fwp%2Fv2%2Fcomments&post=2725"}],"version-history":[{"count":11,"href":"https:\/\/observatoriodecampina.com\/index.php?rest_route=\/wp\/v2\/pages\/2725\/revisions"}],"predecessor-version":[{"id":2794,"href":"https:\/\/observatoriodecampina.com\/index.php?rest_route=\/wp\/v2\/pages\/2725\/revisions\/2794"}],"wp:attachment":[{"href":"https:\/\/observatoriodecampina.com\/index.php?rest_route=%2Fwp%2Fv2%2Fmedia&parent=2725"}],"curies":[{"name":"wp","href":"https:\/\/api.w.org\/{rel}","templated":true}]}}